**2/2 - 3*t + 10. Let m be n(12). Calculate the greatest common divisor of 184 and m.
23
Let g(i) = -313*i - 7257. Let s be g(-24). Calculate the highest common factor of 2115 and s.
15
Suppose -3*u - 3*h + 727 = -626, -2290 = -5*u + 2*h. What is the greatest common divisor of 2304 and u?
24
Let c = -264 - -788. What is the highest common factor of c and 18?
2
Let a = -29626 - -29676. What is the highest common factor of a and 1570?
10
Let a = -241 - -250. Let q = 237 - a. What is the highest common divisor of 12 and q?
12
Let a(n) = 101*n**3 - 4*n**2 - 10*n + 97. Let v be a(5). Calculate the highest common divisor of v and 84.
28
Let n be (-159)/(-7) - (-4)/14. Let g be (15/6)/((-6)/(-12)). Suppose 0 = -0*f - 4*f + 20, -117 = -2*u - g*f. Calculate the greatest common factor of n and u.
23
Let t(o) = o**2 + 18*o - 4628. Let g be t(92). What is the highest common divisor of g and 4?
4
Let s be 1/(44/(-8) - -5). Let z be (-8 - -4)*s - 5. Suppose 2*p - 45 - 21 = 0. Calculate the greatest common divisor of p and z.
3
Let i be 378 + 428 + 0 + 13. Calculate the greatest common divisor of 312 and i.
39
Let g = 4667 - 3967. Calculate the highest common divisor of g and 2380.
140
Let v = -35606 - -51957. What is the highest common divisor of v and 197?
197
Let a be (0 - 1) + 480 + 1. Suppose 88 - 27 = 3*j - t, -4*t = -2*j + 44. What is the greatest common factor of a and j?
20
Let z(d) = 112*d. Let a be z(2). Let l be (a/(-42))/(2/(-3)). What is the greatest common divisor of l and 184?
8
Let u = 5935 + -5215. Calculate the greatest common factor of 9 and u.
9
Suppose 0*c = -3*c, -3*c = 2*h - 6. Suppose -29 = -2*p + 6*g - 3*g, -5*p + g = -53. Let m = 19 - p. Calculate the greatest common factor of h and m.
3
Suppose -23*b = -17*b - 21402. What is the greatest common divisor of b and 369?
123
Suppose f + 74 = a - 0*f, 0 = -2*a + f + 151. Suppose -85 = -6*g + a. Calculate the highest common divisor of g and 1.
1
Suppose -3 = l + 5*w - 18, -5*l = 4*w - 54. Let x be 0/(0 + -5) + 0. Suppose x = -3*k + 7 + 8. Calculate the greatest common divisor of l and k.
5
Let o be 3/2*((-60)/(-9))/2. Let t be (12/o)/(3/(405/6)). What is the highest common factor of t and 36?
18
Let t(i) = -i**2 + 106*i - 2385. Let f be t(40). Calculate the highest common factor of f and 735.
15
Suppose -54*g - 36 = -5629 - 19355. Calculate the highest common divisor of g and 1056.
66
Let n(t) = 80*t**2 - 452*t + 38. Let a be n(6). Calculate the highest common divisor of 3296 and a.
206
Let l(i) be the second derivative of i**4/12 + 2*i**3/3 - 11*i. Let f be l(-5). Suppose -23*x + 719 - 144 = 0. Calculate the highest common factor of f and x.
5
Suppose 2*a = -m + 328, 4*m = 3*a - 590 + 1913. What is the highest common divisor of 130 and m?
10
Suppose -2*f = -f - 18. Let z = 128 + -102. Suppose z*r = 6*r + 3240. Calculate the greatest common divisor of r and f.
18
Let c be ((-3)/(-9)*-1)/((-9)/189). Suppose -2*x = -277 - 189. Let y = -44 + x. Calculate the greatest common divisor of y and c.
7
Suppose 3*c = -16942*x + 16938*x - 11, 5*c = -45. Let k be (-4)/(-10) - (-2)/(-5). Let n be 11 - (-1 - k)*-1. What is the highest common divisor of x and n?
2
Let a(t) = 2*t**3 + 14*t**2 + 7*t + 4. Let p be a(-6). Let n be p/14 - (-2 + 51/21). Calculate the greatest common factor of 19 and n.
1
Suppose -113*x = -50*x - 1827. Let h = -1 - -3. Suppose -w - 3 = h*k - x, -5*w + 200 = -4*k. What is the greatest common factor of w and 8?
4
Let h be 18/((-36)/530) + (2 - -1). Let l = h + 324. Calculate the greatest common factor of 775 and l.
31
Let i be (-7 - (-57)/9) + (-28)/(-6). Suppose 3*n = -5*h - 5 + 174, i*h - n = 142. What is the greatest common factor of h and 385?
35
Let r = -144549 + 144797. Suppose -2*g + 0*g = -156. Suppose 0 = 4*z - q - g - 41, -2*z + 77 = 3*q. What is the highest common factor of z and r?
31
Let g be ((-208)/16 + 9)*5415/(-12). Calculate the highest common factor of g and 2185.
95
Suppose -23 = -2*s - 17. Suppose -2 = c - 5*q - 5, s*q = 0. Let h(j) = -2*j - 23. Let n be h(-16). What is the greatest common factor of n and c?
3
Let b(g) = -1370*g - 7996. Let u be b(-22). What is the greatest common divisor of 128 and u?
128
Let s(y) = 2*y**2 - 214*y + 213. Let r be s(106). What is the greatest common factor of 556 and r?
1
Let v = -25 + 344. Suppose -5*z + 2519 - 2448 = 2*l, 4*z - 68 = -3*l. Calculate the highest common divisor of z and v.
11
Suppose 295 = 15*h - 10*h. Suppose -443 - 97 = 2*a. Let o = 447 + a. What is the highest common factor of o and h?
59
Let q(i) = -5*i**3 - 3*i**2 + 10*i + 113. Let k be q(-4). What is the greatest common divisor of 3657 and k?
69
Suppose 366*x + 2520 = 380*x. Calculate the highest common divisor of 117 and x.
9
Suppose -1104*n = -1080*n - 216. What is the highest common factor of 183 and n?
3
Suppose -88 = -20*a + 16*a + 4*w, -3*a = w - 74. Let l = -1003 + 1067. Calculate the greatest common divisor of l and a.
8
Let w be ((4 - 4) + -26)/1. Let n be w/(-65)*5*3. Suppose 2*f + m - 16 = 0, -5*f - 10*m + 42 = -7*m. Calculate the highest common divisor of n and f.
6
Let g(l) = -259*l - 441. Let z be g(-4). What is the highest common factor of z and 10?
5
Suppose 3*a - 66 = -h, -5*h - 3*a + 195 = -87. Suppose -12*v = -11*v - 144. What is the greatest common factor of v and h?
18
Let w(f) = -f**2 - 8*f - 7. Let j be w(-7). Suppose n - 6 = -2*g - 2*n, j = -g - 4*n - 7. Let q = 248 + -131. Calculate the greatest common factor of q and g.
9
Let r(m) = -m**2 + 11*m + 3. Suppose -4*s + 33 = -11. Let n be r(s). Suppose 16 = 2*x - p, -4*x + n*p = 15 - 51. What is the greatest common divisor of 4 and x?
2
Suppose -51 = -k - 3. Let j = -22385 - -22445. Calculate the greatest common factor of j and k.
12
Let v be (-1)/(((-3)/(-260))/(108/(-30))). Calculate the greatest common factor of 117 and v.
39
Let s be -14 + 30915/9 - -19. What is the highest common factor of 128 and s?
16
Suppose n - 5*j + 191 = 0, -5*n - 657 - 214 = 3*j. Let z be 30/(-50) + n/(-10). Let y be 3 + 6/(-3) + z. Calculate the highest common factor of 72 and y.
18
Let r(n) = 8320*n - 4990. Let t be r(4). What is the highest common divisor of 46 and t?
46
Let x = 1283 - 737. Suppose -130 = 13*q - x. Suppose -q*z = -29*z - 69. What is the highest common factor of z and 253?
23
Let c(d) = -d**3 + 27*d**2 + 39*d - 288. Let w be c(28). What is the highest common factor of 1530 and w?
10
Let l = -8032 + 22328. Calculate the greatest common divisor of 16 and l.
8
Suppose 10 = -14*u - 18. Let c(p) = -p**3 - p**2 - p + 4. Let z be c(u). Calculate the highest common divisor of z and 25.
5
Let g be 5 + (-1 + (13 - 7) - (-14 - -1)). What is the greatest common divisor of g and 3841?
23
Let k(s) = -s**2 + 77*s - 1170. Let q be k(27). What is the highest common factor of 765 and q?
45
Let t(p) = -p**2 - 91*p - 1588. Let h be t(-24). What is the highest common divisor of h and 305?
5
Suppose 151105 = -24*l + 76*l - 302179. What is the greatest common factor of l and 46?
23
Let c = 37 + 170. Let k(b) = -b**3 - 22*b**2 + 217*b + 4485. Let w be k(-23). What is the highest common divisor of c and w?
23
Let j be 2604 + ((-156)/(-13) - 24). What is the greatest common divisor of j and 486?
162
Let s(a) = 115*a + 550. Let h be s(14). Calculate the highest common factor of 675 and h.
135
Suppose 65 = 5*m - 5*i, -442*i - 38 = -2*m - 443*i. What is the greatest common factor of 4063 and m?
17
Let i(j) = -9*j**2 - 173*j - 1. Let d be i(-17). What is the highest common factor of 24 and d?
3
Let c = 66 - 63. Suppose -28 = -c*z + z. Let f(q) = q**3 - 15*q**2 + 20*q - 16. Let h be f(z). What is the greatest common divisor of 51 and h?
17
Suppose -13*y + 16*y + 34*y = -777. Suppose 3*p = 5*o + 3, -o + 4*o = -p + 1. Let j be (p + 3/y)*42. What is the greatest common divisor of j and 252?
36
Let v be 493*1 - 828/92. Calculate the highest common factor of v and 352.
44
Let n = -1416 - -2307. Calculate the highest common factor of n and 319.
11
Let x(n) = -2383*n + 21460. Let v be x(9). Let c(g) = -g + 3. Let f be c(2). Let y be (f - 3) + (-4 - -110). Calculate the highest common factor of v and y.
13
Let a be 67/5 - 2/5. Let c be 8/20*(16 + (-105)/30) + 606. Calculate the highest common divisor of c and a.
13
Let